s 5087021 composite?
False
Is 450793 prime?
False
Is 362717 prime?
True
Is 13590203 a prime number?
False
Is 132959251 prime?
False
Is 162690929 prime?
True
Is 36557749 composite?
False
Is 5143769 prime?
False
Is 20882815 a prime number?
False
Is 276491923 prime?
False
Is 7434041 composite?
False
Is 14744173 prime?
False
Is 1567679 prime?
True
Is 6501863 prime?
True
Is 85427 composite?
False
Is 2138647 prime?
False
Is 1841003 composite?
False
Is 791341 prime?
False
Is 15346033 a prime number?
True
Is 66110339 a composite number?
True
Is 4035683 prime?
False
Is 3937601 a composite number?
True
Is 39760333 prime?
False
Is 140638613 a prime number?
True
Is 300503617 prime?
True
Is 7725931 a composite number?
True
Is 509009 a prime number?
False
Is 30651209 a prime number?
True
Is 167421823 composite?
False
Is 130126943 composite?
True
Is 629121481 a prime number?
True
Is 6197755 composite?
True
Is 18477223 composite?
False
Is 6175207 a composite number?
False
Is 819673 a prime number?
True
Is 185606789 composite?
False
Is 2123783 composite?
False
Is 4437903 composite?
True
Is 8423027 composite?
False
Is 37223429 a composite number?
True
Is 1760873 prime?
True
Is 50984501 a composite number?
False
Is 12819151 composite?
True
Is 37010087 composite?
False
Is 1322007 a prime number?
False
Is 502651 prime?
True
Is 26772199 prime?
True
Is 85063049 composite?
False
Is 684703 a prime number?
False
Is 1271147 composite?
False
Is 69931637 composite?
False
Is 165994349 a prime number?
True
Is 81323521 composite?
True
Is 11426407 composite?
False
Is 6252709 a composite number?
False
Is 648240391 composite?
False
Is 3405359 composite?
False
Is 102150511 prime?
True
Is 1333169 a composite number?
False
Is 3376631 composite?
True
Is 741374 prime?
False
Is 29892853 a prime number?
False
Is 36862673 prime?
True
Is 962633 composite?
True
Is 8227645 a composite number?
True
Is 3972071 a composite number?
False
Is 15701983 prime?
False
Is 9240131 a prime number?
True
Is 2378774 a prime number?
False
Is 20739647 prime?
False
Is 41403547 a composite number?
True
Is 94558517 a composite number?
False
Is 48193581 a composite number?
True
Is 1602511 a composite number?
True
Is 6745611 prime?
False
Is 6030565 composite?
True
Is 14457581 prime?
True
Is 17800319 a prime number?
False
Is 3101999 prime?
True
Is 17821927 a prime number?
True
Is 71134187 prime?
False
Is 31838101 composite?
True
Is 5238577 composite?
False
Is 10031453 composite?
True
Is 12794627 prime?
True
Is 294347 composite?
False
Is 6288746 prime?
False
Is 39715463 prime?
True
Is 1321727 composite?
True
Is 9613271 prime?
True
Is 653251 composite?
True
Is 2652589 a prime number?
False
Is 9583037 composite?
True
Is 19949389 composite?
True
Is 16736197 a composite number?
True
Is 169020506 composite?
True
Is 3937469 a prime number?
True
Is 21219517 prime?
False
Is 5961205 a composite number?
True
Is 112439723 composite?
True
Is 3108163 composite?
False
Is 115187893 a prime number?
False
Is 16331057 a composite number?
True
Is 177961 a prime number?
False
Is 1428631 prime?
True
Is 1520905727 a prime number?
False
Is 1311311 a prime number?
True
Is 3238727 prime?
True
Is 1898767 a composite number?
True
Is 72532781 a composite number?
False
Is 142179133 a composite number?
True
Is 3339367 a composite number?
False
Is 681403 a prime number?
True
Is 216799669 a composite number?
True
Is 229486 composite?
True
Is 69119761 prime?
False
Is 16496787 prime?
False
Is 826271 a prime number?
True
Is 8240237 a prime number?
False
Is 69636701 composite?
True
Is 1307521 a composite number?
True
Is 181874131 a prime number?
True
Is 7154437 composite?
False
Is 219334319 a prime number?
True
Is 4601741 composite?
False
Is 3040889 prime?
True
Is 25741879 a prime number?
False
Is 711283 prime?
False
Is 992687 prime?
False
Is 12011189 a composite number?
False
Is 5055067 a prime number?
True
Is 135073283 a prime number?
True
Is 398442113 a prime number?
True
Is 33424901 prime?
False
Is 46024841 composite?
False
Is 10168153 composite?
False
Is 44598919 composite?
True
Is 7333071 composite?
True
Is 1261907429 a composite number?
False
Is 51409699 a prime number?
False
Is 68973719 prime?
False
Is 54191603 a composite number?
False
Is 2465431 composite?
False
Is 16454537 composite?
True
Is 200394134 a prime number?
False
Is 4625311 composite?
False
Is 858400999 a prime number?
False
Is 76207 a prime number?
True
Is 215771 a composite number?
False
Is 830939 a composite number?
False
Is 4325417 a prime number?
True
Is 201793 a composite number?
True
Is 22871027 prime?
True
Is 73199531 prime?
True
Is 15004331 prime?
True
Is 1839587 a prime number?
False
Is 10664063 composite?
True
Is 303139 a composite number?
False
Is 5505845 prime?
False
Is 20740873 prime?
True
Is 26205317 composite?
True
Is 962629 composite?
True
Is 14973866 a composite number?
True
Is 496579 a composite number?
False
Is 6577981 a prime number?
False
Is 61781 a composite number?
False
Is 2214809 composite?
True
Is 2335547 prime?
True
Is 125321 a prime number?
False
Is 381001 a prime number?
True
Is 14563729 a prime number?
False
Is 11942785 composite?
True
Is 904565429 a prime number?
False
Is 7165757 prime?
True
Is 4383023 composite?
True
Is 30053113 prime?
True
Is 9064915 prime?
False
Is 3231295 composite?
True
Is 2354263 a prime number?
True
Is 12059637 a prime number?
False
Is 8646163 a prime number?
True
Is 11832257 prime?
False
Is 11154959 composite?
False
Is 628765 composite?
True
Is 123192051 prime?
False
Is 2333885 prime?
False
Is 1634081353 composite?
False
Is 170207 prime?
True
Is 52979963 a composite number?
False
Is 2174817 a composite number?
True
Is 1172607 a prime number?
False
Is 9939707 a prime number?
True
Is 59441189 a prime number?
True
Is 14393 a prime number?
False
Is 197095937 a prime number?
False
Is 3234079 prime?
True
Is 1527497 a prime number?
True
Is 424939 prime?
True
Is 6880871 composite?
False
Is 410732491 a prime number?
False
Is 620279645 composite?
True
Is 131670953 prime?
False
Is 11928361 prime?
True
Is 1237343 prime?
False
Is 17895817 a prime number?
False
Is 36278393 prime?
True
Is 601116299 a prime number?
False
Is 11911709 prime?
True
Is 1067098 a composite number?
True
Is 1772851 prime?
True
Is 239310109 a prime number?
True
Is 269421017 a prime number?
False
Is 140789 a prime number?
False
Is 2436005155 prime?
False
Is 25056713 a prime number?
False
Is 1686695 a composite number?
True
Is 24179791 a prime number?
False
Is 120437297 composite?
True
Is 155624159 composite?
True
Is 10350203 prime?
True
Is 6652663 composite?
True
Is 344367867 a composite number?
True
Is 15374887 prime?
False
Is 624347 composite?
False
Is 612209681 a prime number?
True
Is 345407263 composite?
False
Is 57253843 a composite number?
True
Is 20613821 composite?
False
Is 1467451 a composite number?
True
Is 7616467 prime?
False
Is 723883 a composite number?
True
Is 110495219 prime?
False
Is 684899 prime?
False
Is 901711 prime?
False
Is 1909307 composite?
False
Is 1774159 composite?
False
Is 32148601 composite?
False
Is 3157645 a prime number?
False
Is 801959 composite?
False
Is 5363243 a composite number?
False
Is 14773207 a prime number?
True
Is 2262223 composite?
False
Is 7460009 prime?
False
Is 71119 a composite number?
False
Is 23601041 prime?
False
Is 5705197 prime?
False
Is 142499 composite?
True
Is 536242771 prime?
True
Is 35799527 a composite number?
True
Is 68751167 prime?
True
Is 667687 a composite number?
False
Is 806559289 a composite number?
False
Is 71117857 composite?
False
Is 8463163 a composite number?
False
Is 16207559 composite?
True
Is 344111 composite?
False
Is 1269847 prime?
True
Is 5175691 composite?
False
Is 47460065 prime?
False
Is 204176669 composite?
False
Is 665067613 composite?
True
Is 579523163 a prime number?
True
Is 9036581 a composite number?
False
Is 6315769 prime?
True
Is 1214867 a prime number?
True
Is 199694951 a prime number?
True
Is 60345149 a composite number?
True
Is 380381 prime?
False
Is 71320001 a composite number?
False
Is 38769901 a composite number?
False
Is 3271481 prime?
True
Is 77608487 a prime number?
False
Is 712781 prime?
True
Is 638893 composite?
False
Is 11966945 a prime number?
False
Is 817631 